ine h(-1).
-19
Let w(m) = 3*m**3 - 489*m**2 - 652*m + 26225. Determine w(164).
-15
Let r(f) = 878*f + 2962. What is r(-7)?
-3184
Let b(w) = w**3 - 393*w**2 + 2238*w + 32507. Determine b(387).
-1
Let t(g) = 85*g**3 - 2903*g**2 + 449*g - 245. What is t(34)?
-7
Let b(r) = -559*r + 15225. Give b(26).
691
Let p(y) = -15*y**3 - 20*y**2 + 34*y + 249. Calculate p(7).
-5638
Let v(g) = g**2 + 342653*g - 2055960. Give v(6).
-6
Let j(m) = -27422*m + 1371105. Determine j(50).
5
Let v(s) = -5904*s + 124022. Calculate v(21).
38
Let j(u) = -21*u**3 + 708*u**2 + 205*u - 4. Give j(34).
30
Let u(s) = 171*s**2 - 1382*s + 98. Give u(8).
-14
Let v(g) = 16170*g + 776163. Calculate v(-48).
3
Let q(l) = -501*l - 7893. What is q(-16)?
123
Let q(b) = 10*b**3 - 113*b**2 - 113*b + 320. What is q(12)?
-28
Let a(t) = 8*t**2 - 688*t + 8088. Determine a(72).
24
Let h(k) = 2523*k + 7647. Determine h(-3).
78
Let i(w) = 1506*w**2 + 10523*w - 19. Give i(-7).
114
Let h(t) = t**3 + 982*t**2 - 1590*t + 371957. Determine h(-984).
5
Let t(j) = 22140*j + 752931. What is t(-34)?
171
Let a(f) = -99*f**2 - 36*f + 30. What is a(-2)?
-294
Let g(a) = -a**2 - 89*a + 2028. Give g(-109).
-152
Let h(v) = 6*v**3 + 48*v**2 - 430*v + 19. Calculate h(-15).
-2981
Let b(r) = -171*r - 9857. What is b(-60)?
403
Let j(x) = -x**3 - 396*x**2 - 3498*x. What is j(-9)?
135
Let c(a) = -3*a**2 + 383*a + 4577. Give c(139).
-149
Let b(q) = -14*q**2 - 49*q + 219. Calculate b(-6).
9
Let m(a) = -17420*a + 243887. Calculate m(14).
7
Let c(p) = -p**3 - 367*p**2 - 712*p + 6458. Calculate c(-365).
-112
Let z(m) = -3055*m - 48081. What is z(-18)?
6909
Let a(v) = -v**2 + 435*v - 46275. Determine a(185).
-25
Let q(w) = 3*w**3 + 160*w**2 + 212*w + 152. What is q(-52)?
-56
Let y(l) = l**3 - 60*l**2 + 564*l + 1097. Give y(14).
-23
Let r(d) = 32*d**2 - 15292*d - 1910. What is r(478)?
2
Let h(s) = -10*s**3 - 1366*s**2 - 811*s + 675. Determine h(-136).
-5
Let u(x) = 300*x + 7250. Give u(-39).
-4450
Let c(o) = 182102*o + 182109. Determine c(-1).
7
Let m(y) = 6302*y + 100837. Give m(-16).
5
Let m(x) = 2*x**2 + 1105*x + 135234. What is m(-183)?
-3
Let o(j) = -547*j - 544. Determine o(-1).
3
Let d(l) = 3624*l**2 - 3559*l + 49. What is d(1)?
114
Let z(k) = -215*k**2 + 1645*k + 10. Give z(7).
990
Let y(a) = a**3 + 13*a**2 - 17895*a - 161389. Calculate y(-9).
-10
Let x(b) = -b**3 + 8*b**2 + 5262*b - 31629. Give x(6).
15
Let a(y) = 2*y**3 + 44*y**2 - 46*y - 9. Give a(-23).
-9
Let a(g) = -33557*g - 100660. Calculate a(-3).
11
Let g(v) = 197*v**2 + 1245*v + 377. What is g(-6)?
-1
Let o(m) = 2*m**2 - 3334*m + 171112. Calculate o(53).
28
Let l(f) = -9*f**3 + 257*f**2 - 130*f - 14. Determine l(28).
266
Let h(p) = -p**3 - 499*p**2 - 569*p - 35352. Determine h(-498).
6
Let n(c) = 634*c - 6803. What is n(18)?
4609
Let r(l) = 418*l**2 + 1991*l - 91. Determine r(-5).
404
Let o(a) = 5*a**2 + 1028*a - 1. Determine o(-206).
411
Let v(j) = j**3 + 48*j**2 - 818*j - 9963. Give v(-59).
8
Let s(k) = 182*k - 51246. Give s(308).
4810
Let f(m) = -5*m**3 - m**2 + 1000*m + 2020. Determine f(-2).
56
Let p(u) = u**3 + 146*u**2 - 2121*u - 270100. Give p(-148).
0
Let i(x) = 7*x**3 + 922*x**2 + 19626*x - 963. Determine i(-105).
-18
Let o(a) = -2*a**3 - 449*a**2 - 24906*a + 2233. Calculate o(-124).
1
Let j(f) = f**3 - 236*f**2 - 455*f - 4946. Give j(238).
52
Let n(y) = -59685*y + 59689. Calculate n(1).
4
Let c(r) = 10424*r - 156219. Determine c(15).
141
Let h(t) = 9*t**3 - 282*t**2 - 21*t - 6. Calculate h(31).
-3540
Let p(h) = -3*h**2 - 403*h + 4507. Give p(11).
-289
Let v(i) = -23202*i - 2923452. What is v(-126)?
0
Let r(v) = 888*v + 103007. Determine r(-116).
-1
Let z(o) = -o**2 - 755*o + 94481. Give z(109).
305
Let o(x) = 79*x + 3233. Calculate o(15).
4418
Let z(t) = -4285*t - 2948109. Calculate z(-688).
-29
Let p(q) = -10*q**2 - 4569*q + 18904. Give p(-461).
3
Let o(b) = -b**3 + 64*b**2 + 178*b + 1463. What is o(67)?
-78
Let w(q) = -2*q**3 + 268*q**2 - 1029*q - 1290. Determine w(130).
140
Let l(y) = 115*y**2 - 255*y + 10. What is l(2)?
-40
Let z(f) = f**3 - 126*f**2 - 187*f + 7699. Calculate z(127).
79
Let q(k) = 65*k**2 + 517*k + 5256. Determine q(-10).
6586
Let s(a) = -a**3 - 19*a**2 + 167*a - 95. Calculate s(6).
7
Let d(g) = 224*g + 8887. Determine d(-38).
375
Let j(p) = 2*p**3 - 152*p**2 + 148*p + 400. Give j(75).
250
Let f(d) = -3*d**2 - 174*d + 3357. Determine f(-72).
333
Let l(f) = -33438*f + 66705. Calculate l(2).
-171
Let a(x) = -x**3 - 5*x**2 - 9*x + 2. Give a(9).
-1213
Let k(p) = -5*p**2 + 15*p + 708. Determine k(14).
-62
Let g(b) = -4*b**2 + 2125*b - 267177. Determine g(327).
-18
Let l(t) = 2*t**2 + 2309*t + 45401. What is l(-20)?
21
Let k(i) = -i**2 - 319*i - 12246. What is k(-49)?
984
Let m(c) = -3*c**3 - 215*c**2 - 821*c - 65. Give m(-4).
-29
Let z(h) = 148541*h - 1485134. Give z(10).
276
Let p(y) = -37*y**2 + 1489*y + 2720. Calculate p(42).
-10
Let o(b) = -b**2 - 1568*b - 32496. Calculate o(-21).
-9
Let k(v) = -19*v**2 - 612*v - 706. Determine k(-31).
7
Let p(g) = g**2 + 218*g + 11541. Determine p(-90).
21
Let m(c) = -c**2 + 555*c + 22519. Give m(-38).
-15
Let h(y) = 3755*y - 37552. Give h(10).
-2
Let z(m) = 2*m**3 + 389*m**2 - 200*m - 885. Calculate z(-195).
90
Let x(s) = -245*s**2 - 19602*s - 196. What is x(-80)?
-36
Let o(p) = -3*p**3 - 139*p**2 - 28*p + 182. Give o(-46).
-646
Let f(i) = -75585*i + 453506. Give f(6).
-4
Let x(g) = 6233*g - 43614. Give x(7).
17
Let y(q) = 231912*q - 1855287. What is y(8)?
9
Let v(w) = 67*w**2 + 5659*w + 2578. Calculate v(-84).
-26
Let n(t) = -2*t**3 + 8*t**2 - 13120*t + 78847. Calculate n(6).
-17
Let q(j) = 16188*j + 5746740. Give q(-355).
0
Let x(p) = 6919*p + 7894. What is x(-1)?
975
Let t(u) = -10*u**3 + 140*u**2 - 487*u + 47. Give t(8).
-9
Let c(p) = 383*p + 2073. Determine c(-10).
-1757
Let j(i) = -9*i**2 - 31*i - 68. Calculate j(7).
-726
Let v(a) = 81771*a + 81772. Give v(-1).
1
Let r(p) = -p**3 - 32*p**2 + 277*p - 23. Determine r(-39).
-179
Let f(l) = 51*l**2 + 116*l + 434. Give f(-4).
786
Let i(t) = -13*t**3 + 5*t**2 - 20*t - 15. What is i(-5)?
1835
Let x(j) = -710*j - 93798. What is x(-132)?
-78
Let x(f) = 13*f**3 + 92*f**2 - 235*f - 1661. What is x(-7)?
33
Let i(a) = -1209*a - 88722. Give i(-74).
744
Let v(t) = -12061*t - 1109763. Give v(-92).
-151
Let x(i) = 4*i**2 - 530*i + 221. Determine x(135).
1571
Let m(x) = -1346*x + 300145. Calculate m(223).
-13
Let z(k) = k**3 + 92*k**2 - 456*k + 8. Determine z(5).
153
Let n(y) = y**3 - 72*y**2 + 1135*y - 13384. What is n(56)?
0
Let r(o) = 144*o + 6025. Determine r(-40).
265
Let p(k) = k**3 - 13*k**2 + 2861*k - 16920. Give p(6).
-6
Let h(m) = -6876*m + 16904. Calculate h(3).
-3724
Let w(i) = 129349*i**2 + 1940236*i + 28. Determine w(-15).
13
Let i(w) = -7*w**2 - 529*w + 912. Give i(-78).
-414
Let x(j) = 3*j**2 + 210*j - 3320. Calculate x(13).
-83
Let m(f) = -3889*f**3 - 23339*f**2 - 3*f + 133. Determine m(-6).
-29
Let n(m) = m**3 - 366*m**2 + 1424*m + 8105. Determine n(362).
-583
Let t(v) = 13*v**3 - 114*v**2 - 1399*v + 9684. What is t(6)?
-6
Let y(b) = -80*b**2 + 1063*b - 293. Give y(13).
6
Let z(q) = 2*q**3 + 48*q**2 + 5*q + 208. Give z(-24).
88
Let d(z) = -z**3 + 42*z**2 + 287*z - 10671. Calculate d(44).
-1915
Let y(d) = 12908*d - 25590. Determine y(2).
226
Let y(c) = 193*c + 209. What is y(-4)?
-563
Let c(g) = g**2 + 82*g - 11984. Give c(75).
-209
Let g(a) = 65300*a - 65303. Give g(1).
-3
Let n(y) = -116338*y - 465355. Determine n(-4).
-3
Let x(f) = f**3 - 36*f**2 + 101*f - 2844. Give x(35).
-534
Let v(y) = -3*y**3 + 17*y**2 - 53*y + 41. What is v(11)?
-2478
Let g(f) = 3*f**2 + 3258*f + 32253. What is g(-10)?
-27
Let g(r) = -41*r**2 - 151*r + 566. What is g(-6)?
-4
Let c(m) = m**2 - 730*m - 41102. What is c(-55)?
2073
Let f(h) = 26*h**2 + 149*h + 746. Give f(-10).
1856
Let c(p) = -5*p**3 - 12*p**2 + 415*p + 5249. Calculate c(-12).
7181
Let b(c) = -11609*c - 278586. What is b(-24)?
30
Let s(p) = -4*p**2 - 2481*p - 148721. What is s(-553)?
36
Let r(l) = 2233*l**2 + 31271*l + 75. Calculate r(-14).
-51
Let p(q) = -28*q**3 - 81*q**2 + 290*q - 12. Give p(-5).
13
Let t(s) = -14*s**2 + 165*s + 162. Determine t(-1).
-17
Let q(g) = -84*g - 7732. What is q(-90)?
-172
Let h(b) = 3*b**3 + 693*b**2 + 688*b - 425. Calculate h(-230).
35
Let x(o) = 3461*o + 6825. Wh